{"id":95,"date":"2020-05-05T22:56:06","date_gmt":"2020-05-05T22:56:06","guid":{"rendered":"http:\/\/simace.ulpgc.es\/?page_id=95"},"modified":"2020-09-23T08:13:21","modified_gmt":"2020-09-23T08:13:21","slug":"microscopio-electronico","status":"publish","type":"page","link":"https:\/\/simace.ulpgc.es\/?page_id=95","title":{"rendered":"Microscopio Electr\u00f3nico"},"content":{"rendered":"\r\n<p class=\"has-text-align-center\" style=\"font-size: 27px;\"><span class=\"has-inline-color\" style=\"color: #410c72;\">Microscopio Electr\u00f3nico de Barrido de emisi\u00f3n de campo FESEM Zeiss Sigma 300VP<\/span><\/p>\r\n\r\n\r\n\r\n<p align=\"justify\"><span style=\"font-size: large;\">Se trata de un Microscopio Electr\u00f3nico de barrido con sistema de presi\u00f3n variable FESEM anal\u00edtico de alta resoluci\u00f3n, con ca\u00f1\u00f3n de emisi\u00f3n de campo de alto brillo tipo Schottky, con columna que combina lentes electrost\u00e1ticas y electromagn\u00e9ticas, acelerador del haz y camino \u00f3ptico libre de crossover. Tambi\u00e9n est\u00e1 equipado con un detector EDS y software EDAX.<\/span><\/p>\r\n\r\n\r\n\r\n<p align=\"justify\"><span style=\"font-size: large;\">Adem\u00e1s el equipo est\u00e1 configurado para Microscop\u00eda Correlativa para Biociencia con el Microscopio Confocal (Zeiss LSM 800), mediante el flujo de trabajo altamente productivo Shuttle &amp; Find, hecho que le confiere una eficiente compatibilidad entre microscopios de luz fluorescente y microscopios electr\u00f3nicos. <\/span><\/p>\r\n\r\n\r\n\r\n<p align=\"justify\"><span style=\"font-size: large;\">Todo est\u00e1 totalmente integrado en el software de im\u00e1genes de n\u00facleo ZEN, lo que permite el control de todas las funciones de Shuttle &amp; Find tanto en el microscopio \u00f3ptico como en el electr\u00f3nico.<\/span><\/p>\r\n\r\n\r\n\r\n<p align=\"justify\"><span style=\"font-size: large;\">De esta manera, se combinan t\u00e9cnicas de contraste de luz con m\u00e9todos de contraste complementarios y capacidades anal\u00edticas. El microscopio de luz proporciona informaci\u00f3n sobre el tama\u00f1o, morfolog\u00eda y color de la muestra; mientras que el microscopio electr\u00f3nico proporciona informaci\u00f3n submicr\u00f3metro, resoluci\u00f3n y\/o composici\u00f3n elemental. <\/span><\/p>\r\n\r\n<figure class=\"wp-block-table aligncenter\">\r\n<table class=\"table table-hover\">\r\n<tbody>\r\n<tr>\r\n<td class=\"has-text-align-center\" data-align=\"center\"><img loading=\"lazy\" decoding=\"async\" class=\"alignnone  wp-image-128\" src=\"https:\/\/simace.ulpgc.es\/wp-content\/uploads\/2020\/05\/Electr\u00f3nico-300x235.png\" alt=\"Microscopio Elecctr\u00f3nico\" width=\"432\" height=\"339\" srcset=\"https:\/\/simace.ulpgc.es\/wp-content\/uploads\/2020\/05\/Electr\u00f3nico-300x235.png 300w, https:\/\/simace.ulpgc.es\/wp-content\/uploads\/2020\/05\/Electr\u00f3nico.png 569w\" sizes=\"auto, (max-width: 432px) 100vw, 432px\" \/><\/td>\r\n<\/tr>\r\n<\/tbody>\r\n<\/table>\r\n<figcaption>Microscopio Electr\u00f3nico. Instalaciones IUIBS.<\/figcaption>\r\n<\/figure>\r\n<p><span style=\"font-size: large;\">FUNCIONES y APLICACIONES:<\/span><\/p>\r\n<p align=\"justify\"><span style=\"font-size: large;\">Observaci\u00f3n ultraestructural de los org\u00e1nulos celulares en muestras biol\u00f3gicas de todas las materias que requieran su uso tanto en investigaci\u00f3n b\u00e1sica como aplicada con animales, vegetales o minerales (ej. Nanopart\u00edculas de catalizadores de \u00f3xido de titanio). Este tipo de microscopio electr\u00f3nico se combina con el confocal dando coo resultado la Microscop\u00eda correlativa.<\/span><\/p>\r\n<p align=\"justify\"><span style=\"font-size: large;\">La preparaci\u00f3n de muestras para su observaci\u00f3n y estudio la realizar\u00e1 el personal adscrito al Servicio e incluye:<\/span><\/p>\r\n<ul>\r\n<li>\r\n<p align=\"justify\"><span style=\"font-size: large;\">Fijaci\u00f3n qu\u00edmica, deshidrataci\u00f3n, e inclusi\u00f3n de muestras biol\u00f3gicas en resinas.<\/span><\/p>\r\n<\/li>\r\n<li>\r\n<p align=\"justify\"><span style=\"font-size: large;\">Obtenci\u00f3n de cortes semifinos y ultrafinos mediante ultramicrotom\u00eda.<\/span><\/p>\r\n<\/li>\r\n<li>\r\n<p align=\"justify\"><span style=\"font-size: large;\">Montaje y Contraste de los cortes para su observaci\u00f3n en el Microscopio electr\u00f3nico.<\/span><\/p>\r\n<\/li>\r\n<li>\r\n<p align=\"justify\"><span style=\"font-size: large;\">Obtenci\u00f3n, digitalizaci\u00f3n y cuantificaci\u00f3n de las im\u00e1genes.<\/span><\/p>\r\n<\/li>\r\n<li>\r\n<p align=\"justify\"><span style=\"font-size: large;\">Realizaci\u00f3n de la microscop\u00eda correlativa<\/span><\/p>\r\n<\/li>\r\n<\/ul>\r\n<p align=\"justify\"><span style=\"font-size: large;\">Entre los usuarios potenciales del Servicio SIMACE se encontrar\u00edan todos los investigadores relacionados con las \u00c1reas de Conocimiento que precisen de la Microscop\u00eda Cofocal y Electr\u00f3nica. En l\u00edneas generales, estar\u00edan involucradas las Facultades de Medicina, Veterinaria, Ciencias del Mar, Biolog\u00eda, Biomedicina, Ingenier\u00eda, Arqueolog\u00eda, y los centros de investigaci\u00f3n como Nutrici\u00f3n, Medioambiente y Salud, Algolog\u00eda, Acuicultura. Centros hospitalarios p\u00fablicos y privados (Hospital Insular, Materno Infantil y Hospital Dr. Negr\u00edn), y los hospitales\/cl\u00ednicas privados que soliciten el Servicio. <\/span><\/p>\r\n<p align=\"justify\"><span style=\"font-size: large;\">Estos dos grandes Equipos estar\u00edan relacionados con las siguientes disciplinas:<\/span><\/p>\r\n<ul>\r\n<li>\r\n<p align=\"justify\"><span style=\"font-size: large;\">Biolog\u00eda celular, Biolog\u00eda molecular, Gen\u00e9tica, Farmacolog\u00eda, Biomedicina, Histolog\u00eda, Oncolog\u00eda, Endocrinolog\u00eda, Neurolog\u00eda, Traumatolog\u00eda, Anatom\u00eda, Anatom\u00eda patol\u00f3gica, Patolog\u00eda general, Medicina legal, Neumolog\u00eda, Oftalmolog\u00eda, Nutrici\u00f3n, Ejercicio F\u00edsico y Salud, Bio\u00e9tica, Fisiolog\u00eda, Epidemiolog\u00eda, Fisiopatolog\u00eda, Microbiolog\u00eda, Dermatolog\u00eda, Inmunolog\u00eda, Medioambiente y salud, Toxicolog\u00eda, Tecnolog\u00eda m\u00e9dica y Audiovisual, entre otras.<\/span><\/p>\r\n<\/li>\r\n<li>\r\n<p align=\"justify\"><span style=\"font-size: large;\">Algolog\u00eda, Bot\u00e1nica, Zoolog\u00eda, Paleontolog\u00eda, Parasitolog\u00eda, Fitopatolog\u00eda, Qu\u00edmica F\u00edsica, Qu\u00edmica Org\u00e1nica, Inorg\u00e1nica, Ingenier\u00eda Qu\u00edmica, Materiales, entre otras.<\/span><\/p>\r\n<\/li>\r\n<\/ul>\r\n\r\n<figure class=\"wp-block-table aligncenter\">\r\n<table class=\"table table-hover\">\r\n<tbody>\r\n<tr>\r\n<td class=\"has-text-align-center\" data-align=\"center\">\r\n<p><img loading=\"lazy\" decoding=\"async\" class=\"alignnone size-medium wp-image-186\" src=\"https:\/\/simace.ulpgc.es\/wp-content\/uploads\/2020\/05\/TEM-Golgi-300x289.png\" alt=\"TEM Golgi\" width=\"300\" height=\"289\" srcset=\"https:\/\/simace.ulpgc.es\/wp-content\/uploads\/2020\/05\/TEM-Golgi-300x289.png 300w, https:\/\/simace.ulpgc.es\/wp-content\/uploads\/2020\/05\/TEM-Golgi.png 393w\" sizes=\"auto, (max-width: 300px) 100vw, 300px\" \/><\/p>\r\n<p style=\"text-align: center;\">TEM Golgi<\/p>\r\n<\/td>\r\n<td class=\"has-text-align-center\" data-align=\"center\">\r\n<p><img loading=\"lazy\" decoding=\"async\" class=\"alignnone size-medium wp-image-187\" src=\"https:\/\/simace.ulpgc.es\/wp-content\/uploads\/2020\/05\/TEM-Desmosomas-300x281.png\" alt=\"TEM Desmosoma\" width=\"300\" height=\"281\" srcset=\"https:\/\/simace.ulpgc.es\/wp-content\/uploads\/2020\/05\/TEM-Desmosomas-300x281.png 300w, https:\/\/simace.ulpgc.es\/wp-content\/uploads\/2020\/05\/TEM-Desmosomas.png 405w\" sizes=\"auto, (max-width: 300px) 100vw, 300px\" \/><\/p>\r\n<p style=\"text-align: center;\">TEM Desmosomas<\/p>\r\n<\/td>\r\n<\/tr>\r\n<tr>\r\n<td class=\"has-text-align-center\" data-align=\"center\">\r\n<p><img loading=\"lazy\" decoding=\"async\" class=\"alignnone size-medium wp-image-188\" src=\"https:\/\/simace.ulpgc.es\/wp-content\/uploads\/2020\/05\/SEM_VPSEdeHueso-292x300.png\" alt=\"SEM VPSE de Hueso\" width=\"292\" height=\"300\" srcset=\"https:\/\/simace.ulpgc.es\/wp-content\/uploads\/2020\/05\/SEM_VPSEdeHueso-292x300.png 292w, https:\/\/simace.ulpgc.es\/wp-content\/uploads\/2020\/05\/SEM_VPSEdeHueso.png 393w\" sizes=\"auto, (max-width: 292px) 100vw, 292px\" \/><\/p>\r\n<p style=\"text-align: center;\">SEM VPSE de Hueso<\/p>\r\n<\/td>\r\n<td class=\"has-text-align-center\" data-align=\"center\">\r\n<p><img loading=\"lazy\" decoding=\"async\" class=\"alignnone size-medium wp-image-189\" src=\"https:\/\/simace.ulpgc.es\/wp-content\/uploads\/2020\/05\/SEM_eColi-300x296.png\" alt=\"SEM eColi\" width=\"300\" height=\"296\" srcset=\"https:\/\/simace.ulpgc.es\/wp-content\/uploads\/2020\/05\/SEM_eColi-300x296.png 300w, https:\/\/simace.ulpgc.es\/wp-content\/uploads\/2020\/05\/SEM_eColi.png 405w\" sizes=\"auto, (max-width: 300px) 100vw, 300px\" \/><\/p>\r\n<p style=\"text-align: center;\">SEM e-Coli<\/p>\r\n<\/td>\r\n<\/tr>\r\n<tr>\r\n<td class=\"has-text-align-center\" data-align=\"center\">\r\n<p><img loading=\"lazy\" decoding=\"async\" class=\"alignnone size-medium wp-image-190\" src=\"https:\/\/simace.ulpgc.es\/wp-content\/uploads\/2020\/05\/SEM_\u00c1fido-300x244.png\" alt=\"SEM \u00c1fido\" width=\"300\" height=\"244\" srcset=\"https:\/\/simace.ulpgc.es\/wp-content\/uploads\/2020\/05\/SEM_\u00c1fido-300x244.png 300w, https:\/\/simace.ulpgc.es\/wp-content\/uploads\/2020\/05\/SEM_\u00c1fido.png 394w\" sizes=\"auto, (max-width: 300px) 100vw, 300px\" \/><\/p>\r\n<p style=\"text-align: center;\">SEM \u00c1fido<\/p>\r\n<\/td>\r\n<td class=\"has-text-align-center\" data-align=\"center\">\r\n<p><img loading=\"lazy\" decoding=\"async\" class=\"alignnone  wp-image-191\" src=\"https:\/\/simace.ulpgc.es\/wp-content\/uploads\/2020\/05\/SEM_Est\u00e1men-300x222.png\" alt=\"SEM Est\u00e1men\" width=\"323\" height=\"239\" srcset=\"https:\/\/simace.ulpgc.es\/wp-content\/uploads\/2020\/05\/SEM_Est\u00e1men-300x222.png 300w, https:\/\/simace.ulpgc.es\/wp-content\/uploads\/2020\/05\/SEM_Est\u00e1men.png 423w\" sizes=\"auto, (max-width: 323px) 100vw, 323px\" \/><\/p>\r\n<p style=\"text-align: center;\">SEM Est\u00e1men<\/p>\r\n<\/td>\r\n<\/tr>\r\n<\/tbody>\r\n<\/table>\r\n<\/figure>\r\n\r\n\r\n\r\n<p class=\"has-text-align-center\" style=\"font-size: 27px;\"><a href=\"https:\/\/simace.ulpgc.es\/?page_id=193\"><span class=\"has-inline-color\" style=\"color: #410c72;\">Microscop\u00eda Correlativa<\/span><\/a><\/p>\r\n","protected":false},"excerpt":{"rendered":"<p>Microscopio Electr\u00f3nico de Barrido de emisi\u00f3n de campo FESEM Zeiss Sigma 300VP Se trata de un Microscopio Electr\u00f3nico de barrido con sistema de presi\u00f3n variable FESEM anal\u00edtico de alta resoluci\u00f3n, con ca\u00f1\u00f3n de emisi\u00f3n de campo de alto brillo tipo Schottky, con columna que combina lentes electrost\u00e1ticas y electromagn\u00e9ticas, acelerador del haz y camino \u00f3ptico [&hellip;]<\/p>\n","protected":false},"author":1,"featured_media":0,"parent":64,"menu_order":0,"comment_status":"closed","ping_status":"closed","template":"page-fullwidth.php","meta":{"footnotes":""},"class_list":["post-95","page","type-page","status-publish","hentry"],"_links":{"self":[{"href":"https:\/\/simace.ulpgc.es\/index.php?rest_route=\/wp\/v2\/pages\/95","targetHints":{"allow":["GET"]}}],"collection":[{"href":"https:\/\/simace.ulpgc.es\/index.php?rest_route=\/wp\/v2\/pages"}],"about":[{"href":"https:\/\/simace.ulpgc.es\/index.php?rest_route=\/wp\/v2\/types\/page"}],"author":[{"embeddable":true,"href":"https:\/\/simace.ulpgc.es\/index.php?rest_route=\/wp\/v2\/users\/1"}],"replies":[{"embeddable":true,"href":"https:\/\/simace.ulpgc.es\/index.php?rest_route=%2Fwp%2Fv2%2Fcomments&post=95"}],"version-history":[{"count":13,"href":"https:\/\/simace.ulpgc.es\/index.php?rest_route=\/wp\/v2\/pages\/95\/revisions"}],"predecessor-version":[{"id":303,"href":"https:\/\/simace.ulpgc.es\/index.php?rest_route=\/wp\/v2\/pages\/95\/revisions\/303"}],"up":[{"embeddable":true,"href":"https:\/\/simace.ulpgc.es\/index.php?rest_route=\/wp\/v2\/pages\/64"}],"wp:attachment":[{"href":"https:\/\/simace.ulpgc.es\/index.php?rest_route=%2Fwp%2Fv2%2Fmedia&parent=95"}],"curies":[{"name":"wp","href":"https:\/\/api.w.org\/{rel}","templated":true}]}}