{"id":93,"date":"2020-05-05T22:56:20","date_gmt":"2020-05-05T22:56:20","guid":{"rendered":"http:\/\/simace.ulpgc.es\/?page_id=93"},"modified":"2020-05-07T12:11:31","modified_gmt":"2020-05-07T12:11:31","slug":"microscopio-confocal","status":"publish","type":"page","link":"https:\/\/simace.ulpgc.es\/?page_id=93","title":{"rendered":"Microscopio Confocal"},"content":{"rendered":"\r\n<p class=\"has-text-color has-text-align-center\" style=\"color: #4800a3; font-size: 27px;\">Microscopio Confocal: Zeiss LSM800 con Airyscan<\/p>\r\n\r\n\r\n\r\n<p align=\"justify\"><span style=\"font-size: large;\">El microscopio Confocal Zeiss LSM800 es flexible y compacto, con detectores de GaASP y esc\u00e1ner de alta velocidad de barrido. Adem\u00e1s, cuenta con un revolucionario detector, el Airyscan, patentado por la casa comercial Zeiss.<\/span><\/p>\r\n\r\n\r\n\r\n<p style=\"text-align: center;\"><img loading=\"lazy\" decoding=\"async\" class=\"size-medium wp-image-116 aligncenter\" src=\"https:\/\/simace.ulpgc.es\/wp-content\/uploads\/2020\/05\/Confocal-300x226.png\" alt=\"Microscopio Confocal\" width=\"300\" height=\"226\" srcset=\"https:\/\/simace.ulpgc.es\/wp-content\/uploads\/2020\/05\/Confocal-300x226.png 300w, https:\/\/simace.ulpgc.es\/wp-content\/uploads\/2020\/05\/Confocal-768x578.png 768w, https:\/\/simace.ulpgc.es\/wp-content\/uploads\/2020\/05\/Confocal-640x480.png 640w, https:\/\/simace.ulpgc.es\/wp-content\/uploads\/2020\/05\/Confocal.png 874w\" sizes=\"auto, (max-width: 300px) 100vw, 300px\" \/><\/p>\r\n<p style=\"text-align: center;\">Microscopio Confocal. Instalaciones IUIBS.<\/p>\r\n\r\n\r\n\r\n<figure class=\"wp-block-table aligncenter\">\r\n<table class=\"table table-hover\">\r\n<tbody>\r\n<tr>\r\n<td class=\"has-text-align-center\" data-align=\"center\">\r\n<p><img loading=\"lazy\" decoding=\"async\" class=\"wp-image-181 aligncenter\" src=\"https:\/\/simace.ulpgc.es\/wp-content\/uploads\/2020\/05\/Astroglia-300x253.png\" alt=\"Astroglia\" width=\"299\" height=\"252\" srcset=\"https:\/\/simace.ulpgc.es\/wp-content\/uploads\/2020\/05\/Astroglia-300x253.png 300w, https:\/\/simace.ulpgc.es\/wp-content\/uploads\/2020\/05\/Astroglia.png 432w\" sizes=\"auto, (max-width: 299px) 100vw, 299px\" \/><\/p>\r\n<p style=\"text-align: center;\">Astroglia<\/p>\r\n<\/td>\r\n<td class=\"has-text-align-center\" data-align=\"center\">\r\n<p><img loading=\"lazy\" decoding=\"async\" class=\"size-medium wp-image-182 aligncenter\" src=\"https:\/\/simace.ulpgc.es\/wp-content\/uploads\/2020\/05\/UnionNeromuscular-300x252.png\" alt=\"Uni\u00f3n Neromuscular\" width=\"300\" height=\"252\" srcset=\"https:\/\/simace.ulpgc.es\/wp-content\/uploads\/2020\/05\/UnionNeromuscular-300x252.png 300w, https:\/\/simace.ulpgc.es\/wp-content\/uploads\/2020\/05\/UnionNeromuscular.png 429w\" sizes=\"auto, (max-width: 300px) 100vw, 300px\" \/><\/p>\r\n<p style=\"text-align: center;\">Uni\u00f3n Neuromuscular<\/p>\r\n<\/td>\r\n<\/tr>\r\n<\/tbody>\r\n<\/table>\r\n<\/figure>\r\n\r\n\r\n\r\n<p><span style=\"font-size: large;\">FUNCIONES:<\/span><\/p>\r\n\r\n\r\n\r\n<p align=\"justify\"><span style=\"font-size: large;\">En general, la Microscop\u00eda confocal permite, escanear y visualizar con alta resoluci\u00f3n las muestras de tejido, reconstruir secciones en 3D con tecnolog\u00eda multifot\u00f3n l\u00e1ser, realizar video microscop\u00eda (Real Time), utilizar un software con m\u00faltiples aplicaciones y, entre otras, las siguientes funciones:<\/span><\/p>\r\n<p>\r\n\r\n<\/p>\r\n<ul class=\"wp-block-list\">\r\n<li>\r\n<p align=\"justify\"><span style=\"font-size: large;\">Im\u00e1genes de fluorescencia multicanal. Sistema equipado con l\u00e1seres de excitaci\u00f3n de 405, 488, 561 y 640 nm. Sistema de s\u00faper-resoluci\u00f3n o Airyscan. Detector confocal para la luz transmitida, permitiendo la secci\u00f3n \u00f3ptica de espec\u00edmenes transl\u00facidos, no marcados o combinados con fluorescencia, (ej., algas bioluminiscentes)<\/span><\/p>\r\n<\/li>\r\n<li>\r\n<p align=\"justify\"><span style=\"font-size: large;\">Selecci\u00f3n de regiones de inter\u00e9s (ROIs o spots) para el escaneado, mediciones y manipulaciones experimentales. La selecci\u00f3n libre de ROI en las direcciones x, y, z permite la adquisici\u00f3n de im\u00e1genes, mediciones fisiol\u00f3gicas (ej. colorantes sensibles a iones) y manipulaciones experimentales, tales como la recuperaci\u00f3n de fluorescencia despu\u00e9s de fotoblanqueo (FRAP), fluorescencia perdida en Photobleaching (FLIP) Resonancia de Transferencia de Energ\u00eda (FRET), photo-uncaging o foto-activaci\u00f3n de sondas en regiones definidas, hasta dimensiones sub-celulares.<\/span><\/p>\r\n<\/li>\r\n<li>\r\n<p align=\"justify\"><span style=\"font-size: large;\">Unidad Incubadora integrada. Permite la observaci\u00f3n de c\u00e9lulas vivas y tejidos en una atm\u00f3sfera controlada. Mediante la c\u00e1mara CCD se realizan estudios de c\u00e9lulas vivas y grabaciones a distintos intervalos de tiempo o Video-microscop\u00eda (ej. migraci\u00f3n celular).<\/span><\/p>\r\n<\/li>\r\n<li>\r\n<p align=\"justify\"><span style=\"font-size: large;\">M\u00f3dulos de software de aplicaci\u00f3n altamente especializados que utilizan el software ZEN Blue. El software de n\u00facleo Zeiss LSM proporciona procesamiento avanzado de im\u00e1genes, an\u00e1lisis (ej. medici\u00f3n de colocalizaci\u00f3n) y funcionalidad de base de datos.<\/span><\/p>\r\n<\/li>\r\n<\/ul>\r\n<p>\r\n\r\n<\/p>\r\n<p align=\"justify\"><span style=\"font-size: large;\"><strong><em>Nota: Las preparaciones de muestras inmunohistoqu\u00edmicas anteriores al uso del Microscopio Confocal, por la variedad que conllevan en los distintos tipos celulares, tejidos y \u00f3rganos, ser\u00e1 realizada por los investigadores de los grupos, centros o institutos, que requieran del Servicio.\u00a0<\/em><\/strong><\/span><\/p>\r\n<p><\/p>","protected":false},"excerpt":{"rendered":"<p>Microscopio Confocal: Zeiss LSM800 con Airyscan El microscopio Confocal Zeiss LSM800 es flexible y compacto, con detectores de GaASP y esc\u00e1ner de alta velocidad de barrido. Adem\u00e1s, cuenta con un revolucionario detector, el Airyscan, patentado por la casa comercial Zeiss. Microscopio Confocal. Instalaciones IUIBS. Astroglia Uni\u00f3n Neuromuscular FUNCIONES: En general, la Microscop\u00eda confocal permite, escanear [&hellip;]<\/p>\n","protected":false},"author":1,"featured_media":0,"parent":64,"menu_order":0,"comment_status":"closed","ping_status":"closed","template":"page-fullwidth.php","meta":{"footnotes":""},"class_list":["post-93","page","type-page","status-publish","hentry"],"_links":{"self":[{"href":"https:\/\/simace.ulpgc.es\/index.php?rest_route=\/wp\/v2\/pages\/93","targetHints":{"allow":["GET"]}}],"collection":[{"href":"https:\/\/simace.ulpgc.es\/index.php?rest_route=\/wp\/v2\/pages"}],"about":[{"href":"https:\/\/simace.ulpgc.es\/index.php?rest_route=\/wp\/v2\/types\/page"}],"author":[{"embeddable":true,"href":"https:\/\/simace.ulpgc.es\/index.php?rest_route=\/wp\/v2\/users\/1"}],"replies":[{"embeddable":true,"href":"https:\/\/simace.ulpgc.es\/index.php?rest_route=%2Fwp%2Fv2%2Fcomments&post=93"}],"version-history":[{"count":10,"href":"https:\/\/simace.ulpgc.es\/index.php?rest_route=\/wp\/v2\/pages\/93\/revisions"}],"predecessor-version":[{"id":184,"href":"https:\/\/simace.ulpgc.es\/index.php?rest_route=\/wp\/v2\/pages\/93\/revisions\/184"}],"up":[{"embeddable":true,"href":"https:\/\/simace.ulpgc.es\/index.php?rest_route=\/wp\/v2\/pages\/64"}],"wp:attachment":[{"href":"https:\/\/simace.ulpgc.es\/index.php?rest_route=%2Fwp%2Fv2%2Fmedia&parent=93"}],"curies":[{"name":"wp","href":"https:\/\/api.w.org\/{rel}","templated":true}]}}