{"id":388,"date":"2020-10-20T10:58:29","date_gmt":"2020-10-20T10:58:29","guid":{"rendered":"http:\/\/simace.ulpgc.es\/?page_id=388"},"modified":"2022-07-11T10:47:25","modified_gmt":"2022-07-11T10:47:25","slug":"galeria-electronico","status":"publish","type":"page","link":"https:\/\/simace.ulpgc.es\/?page_id=388","title":{"rendered":"Galer\u00eda Electr\u00f3nico"},"content":{"rendered":"<p align=\"justify\"><span style=\"font-size: large;\">Galer\u00eda de im\u00e1genes obtenidas con el microscopio electr\u00f3nico<\/span><\/p>\r\n\r\n\r\n<figure class=\"wp-block-table aligncenter\">\r\n<table class=\"table table-hover\">\r\n<tbody>\r\n<tr>\r\n<td class=\"has-text-align-center\" data-align=\"center\">\r\n<p><img loading=\"lazy\" decoding=\"async\" class=\"alignnone size-medium wp-image-223\" src=\"https:\/\/simace.ulpgc.es\/wp-content\/uploads\/2020\/05\/Galeria.2.1.-300x226.png\" alt=\"\" width=\"300\" height=\"226\" srcset=\"https:\/\/simace.ulpgc.es\/wp-content\/uploads\/2020\/05\/Galeria.2.1.-300x226.png 300w, https:\/\/simace.ulpgc.es\/wp-content\/uploads\/2020\/05\/Galeria.2.1..png 439w\" sizes=\"auto, (max-width: 300px) 100vw, 300px\" \/><\/p>\r\n<\/td>\r\n<td class=\"has-text-align-center\" data-align=\"center\">\r\n<p><img loading=\"lazy\" decoding=\"async\" class=\"alignnone size-medium wp-image-224\" src=\"https:\/\/simace.ulpgc.es\/wp-content\/uploads\/2020\/05\/Galeria.2.2.-300x226.png\" alt=\"\" width=\"300\" height=\"226\" srcset=\"https:\/\/simace.ulpgc.es\/wp-content\/uploads\/2020\/05\/Galeria.2.2.-300x226.png 300w, https:\/\/simace.ulpgc.es\/wp-content\/uploads\/2020\/05\/Galeria.2.2..png 439w\" sizes=\"auto, (max-width: 300px) 100vw, 300px\" \/><\/p>\r\n<\/td>\r\n<\/tr>\r\n<\/tbody>\r\n<\/table>\r\n<p style=\"text-align: center;\">SEM \u2013 Pol\u00edmero Miel, J.M. P\u00e9rez Galv\u00e1n &#8211; IP. Dra. M. Monz\u00f3n Mayor<\/p>\r\n<\/figure>\r\n\r\n\r\n\r\n<figure class=\"wp-block-table aligncenter\">\r\n<table class=\"table table-hover\">\r\n<tbody>\r\n<tr>\r\n<td class=\"has-text-align-center\" data-align=\"center\">\r\n<p><img loading=\"lazy\" decoding=\"async\" class=\"alignnone size-medium wp-image-221\" src=\"https:\/\/simace.ulpgc.es\/wp-content\/uploads\/2020\/05\/Galeria.1.1.-1-300x226.png\" alt=\"\" width=\"300\" height=\"226\" srcset=\"https:\/\/simace.ulpgc.es\/wp-content\/uploads\/2020\/05\/Galeria.1.1.-1-300x226.png 300w, https:\/\/simace.ulpgc.es\/wp-content\/uploads\/2020\/05\/Galeria.1.1.-1.png 439w\" sizes=\"auto, (max-width: 300px) 100vw, 300px\" \/><\/p>\r\n<\/td>\r\n<td class=\"has-text-align-center\" data-align=\"center\">\r\n<p><img loading=\"lazy\" decoding=\"async\" class=\"alignnone  wp-image-222\" src=\"https:\/\/simace.ulpgc.es\/wp-content\/uploads\/2020\/05\/Galeria.1.2.-300x226.png\" alt=\"\" width=\"301\" height=\"227\" srcset=\"https:\/\/simace.ulpgc.es\/wp-content\/uploads\/2020\/05\/Galeria.1.2.-300x226.png 300w, https:\/\/simace.ulpgc.es\/wp-content\/uploads\/2020\/05\/Galeria.1.2..png 439w\" sizes=\"auto, (max-width: 301px) 100vw, 301px\" \/><\/p>\r\n<\/td>\r\n<\/tr>\r\n<\/tbody>\r\n<\/table>\r\n<p style=\"text-align: center;\">TEM \u2013 Retina \u2013 IP. Dra. M. Monz\u00f3n Mayor<\/p>\r\n<\/figure>\r\n\r\n\r\n\r\n<figure class=\"wp-block-table aligncenter\">\r\n<table class=\"table table-hover\">\r\n<tbody>\r\n<tr>\r\n<td class=\"has-text-align-center\" data-align=\"center\">\r\n<p><img loading=\"lazy\" decoding=\"async\" class=\"alignnone size-medium wp-image-225\" src=\"https:\/\/simace.ulpgc.es\/wp-content\/uploads\/2020\/05\/Galeria.3.1.-300x226.png\" alt=\"\" width=\"300\" height=\"226\" srcset=\"https:\/\/simace.ulpgc.es\/wp-content\/uploads\/2020\/05\/Galeria.3.1.-300x226.png 300w, https:\/\/simace.ulpgc.es\/wp-content\/uploads\/2020\/05\/Galeria.3.1..png 439w\" sizes=\"auto, (max-width: 300px) 100vw, 300px\" \/><\/p>\r\n<\/td>\r\n<td class=\"has-text-align-center\" data-align=\"center\">\r\n<p><img loading=\"lazy\" decoding=\"async\" class=\"alignnone size-medium wp-image-226\" src=\"https:\/\/simace.ulpgc.es\/wp-content\/uploads\/2020\/05\/Galeria.3.2.-300x230.png\" alt=\"\" width=\"300\" height=\"230\" srcset=\"https:\/\/simace.ulpgc.es\/wp-content\/uploads\/2020\/05\/Galeria.3.2.-300x230.png 300w, https:\/\/simace.ulpgc.es\/wp-content\/uploads\/2020\/05\/Galeria.3.2..png 431w\" sizes=\"auto, (max-width: 300px) 100vw, 300px\" \/><\/p>\r\n<\/td>\r\n<\/tr>\r\n<\/tbody>\r\n<\/table>\r\n<p style=\"text-align: center;\">SEM \u2013 Arqueolog\u00eda (pupas de Calliphoridae), P. Henr\u00edquez Valido \u2013 IP Dra. A. C. Rodr\u00edguez Rodr\u00edguez<\/p>\r\n<\/figure>\r\n\r\n\r\n\r\n<figure class=\"wp-block-table aligncenter\">\r\n<table class=\"table table-hover\">\r\n<tbody>\r\n<tr>\r\n<td class=\"has-text-align-center\" data-align=\"center\">\r\n<p><img loading=\"lazy\" decoding=\"async\" class=\"alignnone  wp-image-227\" src=\"https:\/\/simace.ulpgc.es\/wp-content\/uploads\/2020\/05\/Galeria.4.1.-300x71.png\" alt=\"\" width=\"553\" height=\"131\" srcset=\"https:\/\/simace.ulpgc.es\/wp-content\/uploads\/2020\/05\/Galeria.4.1.-300x71.png 300w, https:\/\/simace.ulpgc.es\/wp-content\/uploads\/2020\/05\/Galeria.4.1.-768x182.png 768w, https:\/\/simace.ulpgc.es\/wp-content\/uploads\/2020\/05\/Galeria.4.1..png 882w\" sizes=\"auto, (max-width: 553px) 100vw, 553px\" \/><\/p>\r\n<\/td>\r\n<\/tr>\r\n<tr>\r\n<td class=\"has-text-align-center\" data-align=\"center\">\r\n<p><img loading=\"lazy\" decoding=\"async\" class=\"alignnone  wp-image-228\" src=\"https:\/\/simace.ulpgc.es\/wp-content\/uploads\/2020\/05\/Galeria.4.2.-300x100.png\" alt=\"\" width=\"552\" height=\"184\" srcset=\"https:\/\/simace.ulpgc.es\/wp-content\/uploads\/2020\/05\/Galeria.4.2.-300x100.png 300w, https:\/\/simace.ulpgc.es\/wp-content\/uploads\/2020\/05\/Galeria.4.2.-768x256.png 768w, https:\/\/simace.ulpgc.es\/wp-content\/uploads\/2020\/05\/Galeria.4.2..png 868w\" sizes=\"auto, (max-width: 552px) 100vw, 552px\" \/><\/p>\r\n<\/td>\r\n<\/tr>\r\n<\/tbody>\r\n<\/table>\r\n<p style=\"text-align: center;\">SEM &#8211; Line Scan mode y Plot \u2013 IP Dra. J.C. Mirza Rosca<\/p>\r\n<\/figure>\r\n\r\n","protected":false},"excerpt":{"rendered":"<p>Galer\u00eda de im\u00e1genes obtenidas con el microscopio electr\u00f3nico SEM \u2013 Pol\u00edmero Miel, J.M. P\u00e9rez Galv\u00e1n &#8211; IP. Dra. M. Monz\u00f3n Mayor TEM \u2013 Retina \u2013 IP. Dra. M. Monz\u00f3n Mayor SEM \u2013 Arqueolog\u00eda (pupas de Calliphoridae), P. Henr\u00edquez Valido \u2013 IP Dra. A. C. Rodr\u00edguez Rodr\u00edguez SEM &#8211; Line Scan mode y Plot \u2013 IP [&hellip;]<\/p>\n","protected":false},"author":1,"featured_media":0,"parent":78,"menu_order":0,"comment_status":"closed","ping_status":"closed","template":"page-fullwidth.php","meta":{"footnotes":""},"class_list":["post-388","page","type-page","status-publish","hentry"],"_links":{"self":[{"href":"https:\/\/simace.ulpgc.es\/index.php?rest_route=\/wp\/v2\/pages\/388","targetHints":{"allow":["GET"]}}],"collection":[{"href":"https:\/\/simace.ulpgc.es\/index.php?rest_route=\/wp\/v2\/pages"}],"about":[{"href":"https:\/\/simace.ulpgc.es\/index.php?rest_route=\/wp\/v2\/types\/page"}],"author":[{"embeddable":true,"href":"https:\/\/simace.ulpgc.es\/index.php?rest_route=\/wp\/v2\/users\/1"}],"replies":[{"embeddable":true,"href":"https:\/\/simace.ulpgc.es\/index.php?rest_route=%2Fwp%2Fv2%2Fcomments&post=388"}],"version-history":[{"count":9,"href":"https:\/\/simace.ulpgc.es\/index.php?rest_route=\/wp\/v2\/pages\/388\/revisions"}],"predecessor-version":[{"id":510,"href":"https:\/\/simace.ulpgc.es\/index.php?rest_route=\/wp\/v2\/pages\/388\/revisions\/510"}],"up":[{"embeddable":true,"href":"https:\/\/simace.ulpgc.es\/index.php?rest_route=\/wp\/v2\/pages\/78"}],"wp:attachment":[{"href":"https:\/\/simace.ulpgc.es\/index.php?rest_route=%2Fwp%2Fv2%2Fmedia&parent=388"}],"curies":[{"name":"wp","href":"https:\/\/api.w.org\/{rel}","templated":true}]}}