{"id":2,"date":"2016-05-10T03:48:21","date_gmt":"2016-05-10T03:48:21","guid":{"rendered":"http:\/\/simace.ulpgc.es\/?page_id=2"},"modified":"2020-09-23T08:04:57","modified_gmt":"2020-09-23T08:04:57","slug":"sample-page","status":"publish","type":"page","link":"https:\/\/simace.ulpgc.es\/","title":{"rendered":"SIMACE"},"content":{"rendered":"\r\n<p align=\"justify\"><span style=\"font-size: large;\">El Servicio de Investigaci\u00f3n en Microscop\u00eda Avanzada Confocal y Electr\u00f3nica, <span style=\"color: #333399;\"><strong>SIMA<\/strong><\/span><span style=\"color: #ff9900;\"><strong>CE<\/strong><\/span>, est\u00e1 adscrito a los Servicios Generales de Investigaci\u00f3n de la ULPGC y al IUIBS (Instituto Universitario de Investigaciones Biom\u00e9dicas y Sanitarias). &nbsp;<\/span><\/p>\r\n<p align=\"justify\"><span style=\"font-size: large;\">El objeto de este Servicio es dar apoyo tecnol\u00f3gico a los grupos de investigaci\u00f3n de la ULPGC, organismos p\u00fablicos y privados como los Centros hospitalarios, empresas insulares y nacionales, adem\u00e1s de colaborar con la docencia en aquellas disciplinas universitarias que lo requieran.<\/span><\/p>\r\n<p align=\"justify\"><span style=\"font-size: large;\">Actualmente el Servicio SIMACE dispone de un Microscopio Confocal y un Microscopio Electr\u00f3nico de transmisi\u00f3n, Ultramicrotomo y Piramidotomo que permiten procesar, y estudiar muestras biol\u00f3gicas de animales, vegetales y minerales.<\/span><\/p>\r\n<p align=\"justify\"><span style=\"font-size: large;\">Con la adquisici\u00f3n en 2016 del <u>Microscopio Confocal Zeiss LSM 800 con Ayriscan<\/u>, se introduce a los investigadores en el campo de la microscop\u00eda de fluorescencia avanzada de alta resoluci\u00f3n, con adquisici\u00f3n de im\u00e1genes y an\u00e1lisis de datos mediante software del <em>\u201cstate of the art software<\/em>\u201d.<\/span><\/p>\r\n<p align=\"justify\"><span style=\"font-size: large;\">Actualmente y en via de recepci\u00f3n se encuentra el <u>Microscopio Electr\u00f3nico de Barrido de emisi\u00f3n de campo FESEM Zeiss Sigma 300VP<\/u>, el cual presenta las siguientes funciones: microscop\u00eda electr\u00f3nica de barrido, transmisi\u00f3n, correlativa y an\u00e1lisis de EDX.<\/span><\/p>\r\n<p align=\"justify\"><span style=\"font-size: large;\">Todo ello permite que los investigadores dispongan de dos Equipos complementarios de alta tecnolog\u00eda y de uso directo en las diferentes l\u00edneas de investigaci\u00f3n para Institutos universitarios, Centros, Departamentos de la ULPGC y externos, entre otros.<\/span><\/p>\r\n\r\n\r\n\r\n<p><\/p>\r\n","protected":false},"excerpt":{"rendered":"<p>El Servicio de Investigaci\u00f3n en Microscop\u00eda Avanzada Confocal y Electr\u00f3nica, SIMACE, est\u00e1 adscrito a los Servicios Generales de Investigaci\u00f3n de la ULPGC y al IUIBS (Instituto Universitario de Investigaciones Biom\u00e9dicas y Sanitarias). &nbsp; El objeto de este Servicio es dar apoyo tecnol\u00f3gico a los grupos de investigaci\u00f3n de la ULPGC, organismos p\u00fablicos y privados como [&hellip;]<\/p>\n","protected":false},"author":1,"featured_media":0,"parent":0,"menu_order":0,"comment_status":"closed","ping_status":"open","template":"page-fullwidth.php","meta":{"footnotes":""},"class_list":["post-2","page","type-page","status-publish","hentry"],"_links":{"self":[{"href":"https:\/\/simace.ulpgc.es\/index.php?rest_route=\/wp\/v2\/pages\/2","targetHints":{"allow":["GET"]}}],"collection":[{"href":"https:\/\/simace.ulpgc.es\/index.php?rest_route=\/wp\/v2\/pages"}],"about":[{"href":"https:\/\/simace.ulpgc.es\/index.php?rest_route=\/wp\/v2\/types\/page"}],"author":[{"embeddable":true,"href":"https:\/\/simace.ulpgc.es\/index.php?rest_route=\/wp\/v2\/users\/1"}],"replies":[{"embeddable":true,"href":"https:\/\/simace.ulpgc.es\/index.php?rest_route=%2Fwp%2Fv2%2Fcomments&post=2"}],"version-history":[{"count":5,"href":"https:\/\/simace.ulpgc.es\/index.php?rest_route=\/wp\/v2\/pages\/2\/revisions"}],"predecessor-version":[{"id":301,"href":"https:\/\/simace.ulpgc.es\/index.php?rest_route=\/wp\/v2\/pages\/2\/revisions\/301"}],"wp:attachment":[{"href":"https:\/\/simace.ulpgc.es\/index.php?rest_route=%2Fwp%2Fv2%2Fmedia&parent=2"}],"curies":[{"name":"wp","href":"https:\/\/api.w.org\/{rel}","templated":true}]}}