{"id":193,"date":"2020-05-07T13:28:06","date_gmt":"2020-05-07T13:28:06","guid":{"rendered":"http:\/\/simace.ulpgc.es\/?page_id=193"},"modified":"2020-10-20T09:20:08","modified_gmt":"2020-10-20T09:20:08","slug":"microscopia-correlativa","status":"publish","type":"page","link":"https:\/\/simace.ulpgc.es\/?page_id=193","title":{"rendered":"Microscop\u00eda Correlativa"},"content":{"rendered":"\r\n<p align=\"justify\"><span style=\"font-size: large;\">Este tipo de microscop\u00eda combina las t\u00e9cnicas de contraste \u00f3ptico de un microscopio de luz con los m\u00e9todos anal\u00edticos de un microscopio electr\u00f3nico. Permite obtener informaci\u00f3n adicional sobre la estructura y funci\u00f3n de las muestras. Es, por tanto, m\u00e1s que la simple combinaci\u00f3n de microscopios, sino tambi\u00e9n de software, t\u00e9cnicas y datos.<\/span><\/p>\r\n\r\n\r\n\r\n<figure class=\"wp-block-table aligncenter\">\r\n<table class=\"table table-hover\">\r\n<tbody>\r\n<tr>\r\n<td class=\"has-text-align-center\" data-align=\"center\">\r\n<p><img loading=\"lazy\" decoding=\"async\" class=\"alignnone  wp-image-201\" src=\"https:\/\/simace.ulpgc.es\/wp-content\/uploads\/2020\/05\/Corr-Biociencias-300x167.png\" alt=\"Correlativa en Biociencias\" width=\"379\" height=\"211\" srcset=\"https:\/\/simace.ulpgc.es\/wp-content\/uploads\/2020\/05\/Corr-Biociencias-300x167.png 300w, https:\/\/simace.ulpgc.es\/wp-content\/uploads\/2020\/05\/Corr-Biociencias.png 706w\" sizes=\"auto, (max-width: 379px) 100vw, 379px\" \/><\/p>\r\n<p style=\"text-align: center;\">Microscop\u00eda Correlativa en Biociencias<\/p>\r\n<\/td>\r\n<\/tr>\r\n<\/tbody>\r\n<\/table>\r\n<\/figure>\r\n\r\n\r\n\r\n<figure class=\"wp-block-table aligncenter\">\r\n<table class=\"table table-hover\">\r\n<tbody>\r\n<tr>\r\n<td class=\"has-text-align-center\" data-align=\"center\">\r\n<p><img loading=\"lazy\" decoding=\"async\" class=\"alignnone size-medium wp-image-203\" src=\"https:\/\/simace.ulpgc.es\/wp-content\/uploads\/2020\/05\/Corr-1a-copia-300x209.png\" alt=\"Corr 1\" width=\"300\" height=\"209\" srcset=\"https:\/\/simace.ulpgc.es\/wp-content\/uploads\/2020\/05\/Corr-1a-copia-300x209.png 300w, https:\/\/simace.ulpgc.es\/wp-content\/uploads\/2020\/05\/Corr-1a-copia-1024x714.png 1024w, https:\/\/simace.ulpgc.es\/wp-content\/uploads\/2020\/05\/Corr-1a-copia-768x536.png 768w, https:\/\/simace.ulpgc.es\/wp-content\/uploads\/2020\/05\/Corr-1a-copia.png 1250w\" sizes=\"auto, (max-width: 300px) 100vw, 300px\" \/><\/p>\r\n<\/td>\r\n<td class=\"has-text-align-center\" data-align=\"center\">\r\n<p><img loading=\"lazy\" decoding=\"async\" class=\"alignnone size-medium wp-image-204\" src=\"https:\/\/simace.ulpgc.es\/wp-content\/uploads\/2020\/05\/Corr-1b-copia-300x210.png\" alt=\"Corr 1b\" width=\"300\" height=\"210\" srcset=\"https:\/\/simace.ulpgc.es\/wp-content\/uploads\/2020\/05\/Corr-1b-copia-300x210.png 300w, https:\/\/simace.ulpgc.es\/wp-content\/uploads\/2020\/05\/Corr-1b-copia-1024x716.png 1024w, https:\/\/simace.ulpgc.es\/wp-content\/uploads\/2020\/05\/Corr-1b-copia-768x537.png 768w, https:\/\/simace.ulpgc.es\/wp-content\/uploads\/2020\/05\/Corr-1b-copia.png 1247w\" sizes=\"auto, (max-width: 300px) 100vw, 300px\" \/><\/p>\r\n<\/td>\r\n<td class=\"has-text-align-center\" data-align=\"center\">\r\n<p><img loading=\"lazy\" decoding=\"async\" class=\"alignnone size-medium wp-image-205\" src=\"https:\/\/simace.ulpgc.es\/wp-content\/uploads\/2020\/05\/Corr-1c-copia-300x209.png\" alt=\"Corr 1c\" width=\"300\" height=\"209\" srcset=\"https:\/\/simace.ulpgc.es\/wp-content\/uploads\/2020\/05\/Corr-1c-copia-300x209.png 300w, https:\/\/simace.ulpgc.es\/wp-content\/uploads\/2020\/05\/Corr-1c-copia-1024x714.png 1024w, https:\/\/simace.ulpgc.es\/wp-content\/uploads\/2020\/05\/Corr-1c-copia-768x536.png 768w, https:\/\/simace.ulpgc.es\/wp-content\/uploads\/2020\/05\/Corr-1c-copia.png 1250w\" sizes=\"auto, (max-width: 300px) 100vw, 300px\" \/><\/p>\r\n<\/td>\r\n<\/tr>\r\n<\/tbody>\r\n<\/table>\r\n<\/figure>\r\n<table class=\"table table-hover\">\r\n<tbody>\r\n<tr>\r\n<td>\r\n<p style=\"text-align: center;\">Endocitosis en macr\u00f3fagos.<\/p>\r\n<p style=\"text-align: center;\">Images courtesy of Dr. Jeffrey Caplan, Delaware Biotechnology Institute, University of Delaware. Carl Zeiss.<\/p>\r\n<\/td>\r\n<\/tr>\r\n<\/tbody>\r\n<\/table>\r\n\r\n\r\n\r\n<figure class=\"wp-block-table aligncenter\">\r\n<table class=\"table table-hover\">\r\n<tbody>\r\n<tr>\r\n<td class=\"has-text-align-center\" data-align=\"center\">\r\n<p><img loading=\"lazy\" decoding=\"async\" class=\"alignnone  wp-image-207\" src=\"https:\/\/simace.ulpgc.es\/wp-content\/uploads\/2020\/05\/CorrelativaConfocal_SEM-300x224.png\" alt=\"CorrConfSEM\" width=\"280\" height=\"209\" srcset=\"https:\/\/simace.ulpgc.es\/wp-content\/uploads\/2020\/05\/CorrelativaConfocal_SEM-300x224.png 300w, https:\/\/simace.ulpgc.es\/wp-content\/uploads\/2020\/05\/CorrelativaConfocal_SEM.png 435w\" sizes=\"auto, (max-width: 280px) 100vw, 280px\" \/><\/p>\r\n<p style=\"text-align: center;\">Correlativa Confocal SEM<\/p>\r\n<\/td>\r\n<td class=\"has-text-align-center\" data-align=\"center\">\r\n<p><img loading=\"lazy\" decoding=\"async\" class=\"alignnone  wp-image-208\" src=\"https:\/\/simace.ulpgc.es\/wp-content\/uploads\/2020\/05\/CorrelativaConfocal_TEM-263x300.png\" alt=\"CorrConf_TEM\" width=\"224\" height=\"256\" srcset=\"https:\/\/simace.ulpgc.es\/wp-content\/uploads\/2020\/05\/CorrelativaConfocal_TEM-263x300.png 263w, https:\/\/simace.ulpgc.es\/wp-content\/uploads\/2020\/05\/CorrelativaConfocal_TEM-768x876.png 768w, https:\/\/simace.ulpgc.es\/wp-content\/uploads\/2020\/05\/CorrelativaConfocal_TEM.png 852w\" sizes=\"auto, (max-width: 224px) 100vw, 224px\" \/><\/p>\r\n<p style=\"text-align: center;\">Correlativa Confocal TEM<\/p>\r\n<\/td>\r\n<\/tr>\r\n<\/tbody>\r\n<\/table>\r\n<\/figure>\r\n\r\n<p>&nbsp;<\/p>\r\n\r\n<figure class=\"wp-block-table aligncenter\">\r\n<table class=\"table table-hover\">\r\n<tbody>\r\n<tr>\r\n<td class=\"has-text-align-center\" data-align=\"center\">\r\n<p><img loading=\"lazy\" decoding=\"async\" class=\"alignnone  wp-image-210\" src=\"https:\/\/simace.ulpgc.es\/wp-content\/uploads\/2020\/05\/Tomograf\u00eda3D-300x94.png\" alt=\"Tomograf\u00eda 3D\" width=\"565\" height=\"177\" srcset=\"https:\/\/simace.ulpgc.es\/wp-content\/uploads\/2020\/05\/Tomograf\u00eda3D-300x94.png 300w, https:\/\/simace.ulpgc.es\/wp-content\/uploads\/2020\/05\/Tomograf\u00eda3D-768x240.png 768w, https:\/\/simace.ulpgc.es\/wp-content\/uploads\/2020\/05\/Tomograf\u00eda3D.png 882w\" sizes=\"auto, (max-width: 565px) 100vw, 565px\" \/><\/p>\r\n<p style=\"text-align: center;\">Tomograf\u00eda 3D<\/p>\r\n<\/td>\r\n<\/tr>\r\n<\/tbody>\r\n<\/table>\r\n<\/figure>\r\n\r\n\r\n\r\n<figure class=\"wp-block-table aligncenter\">\r\n<table class=\"table table-hover\">\r\n<tbody>\r\n<tr>\r\n<td class=\"has-text-align-center\" data-align=\"center\">\r\n<p><img loading=\"lazy\" decoding=\"async\" class=\"alignnone  wp-image-211\" src=\"https:\/\/simace.ulpgc.es\/wp-content\/uploads\/2020\/05\/Tomograf\u00eda3D-a-300x287.png\" alt=\"Tomograf\u00eda 3D a\" width=\"283\" height=\"271\" srcset=\"https:\/\/simace.ulpgc.es\/wp-content\/uploads\/2020\/05\/Tomograf\u00eda3D-a-300x287.png 300w, https:\/\/simace.ulpgc.es\/wp-content\/uploads\/2020\/05\/Tomograf\u00eda3D-a.png 431w\" sizes=\"auto, (max-width: 283px) 100vw, 283px\" \/><\/p>\r\n<p style=\"text-align: center;\">Tomograf\u00eda 3D<\/p>\r\n<\/td>\r\n<td class=\"has-text-align-center\" data-align=\"center\">\r\n<p><img loading=\"lazy\" decoding=\"async\" class=\"alignnone  wp-image-212\" src=\"https:\/\/simace.ulpgc.es\/wp-content\/uploads\/2020\/05\/Tomograf\u00eda3D-b-300x279.png\" alt=\"Tomograf\u00eda 3D b\" width=\"294\" height=\"274\" srcset=\"https:\/\/simace.ulpgc.es\/wp-content\/uploads\/2020\/05\/Tomograf\u00eda3D-b-300x279.png 300w, https:\/\/simace.ulpgc.es\/wp-content\/uploads\/2020\/05\/Tomograf\u00eda3D-b.png 435w\" sizes=\"auto, (max-width: 294px) 100vw, 294px\" \/><\/p>\r\n<p style=\"text-align: center;\">Tomograf\u00eda 3D<\/p>\r\n<\/td>\r\n<\/tr>\r\n<\/tbody>\r\n<\/table>\r\n<\/figure>\r\n","protected":false},"excerpt":{"rendered":"<p>Este tipo de microscop\u00eda combina las t\u00e9cnicas de contraste \u00f3ptico de un microscopio de luz con los m\u00e9todos anal\u00edticos de un microscopio electr\u00f3nico. Permite obtener informaci\u00f3n adicional sobre la estructura y funci\u00f3n de las muestras. Es, por tanto, m\u00e1s que la simple combinaci\u00f3n de microscopios, sino tambi\u00e9n de software, t\u00e9cnicas y datos. Microscop\u00eda Correlativa en [&hellip;]<\/p>\n","protected":false},"author":1,"featured_media":0,"parent":0,"menu_order":0,"comment_status":"closed","ping_status":"closed","template":"page-fullwidth.php","meta":{"footnotes":""},"class_list":["post-193","page","type-page","status-publish","hentry"],"_links":{"self":[{"href":"https:\/\/simace.ulpgc.es\/index.php?rest_route=\/wp\/v2\/pages\/193","targetHints":{"allow":["GET"]}}],"collection":[{"href":"https:\/\/simace.ulpgc.es\/index.php?rest_route=\/wp\/v2\/pages"}],"about":[{"href":"https:\/\/simace.ulpgc.es\/index.php?rest_route=\/wp\/v2\/types\/page"}],"author":[{"embeddable":true,"href":"https:\/\/simace.ulpgc.es\/index.php?rest_route=\/wp\/v2\/users\/1"}],"replies":[{"embeddable":true,"href":"https:\/\/simace.ulpgc.es\/index.php?rest_route=%2Fwp%2Fv2%2Fcomments&post=193"}],"version-history":[{"count":10,"href":"https:\/\/simace.ulpgc.es\/index.php?rest_route=\/wp\/v2\/pages\/193\/revisions"}],"predecessor-version":[{"id":216,"href":"https:\/\/simace.ulpgc.es\/index.php?rest_route=\/wp\/v2\/pages\/193\/revisions\/216"}],"wp:attachment":[{"href":"https:\/\/simace.ulpgc.es\/index.php?rest_route=%2Fwp%2Fv2%2Fmedia&parent=193"}],"curies":[{"name":"wp","href":"https:\/\/api.w.org\/{rel}","templated":true}]}}